{"id":15,"date":"2026-04-30T13:40:19","date_gmt":"2026-04-30T12:40:19","guid":{"rendered":"http:\/\/idcbs.usm.md\/?page_id=15"},"modified":"2026-04-30T13:40:19","modified_gmt":"2026-04-30T12:40:19","slug":"despre","status":"publish","type":"page","link":"https:\/\/idcbs.usm.md\/?page_id=15","title":{"rendered":"Despre"},"content":{"rendered":"<p style=\"text-align: justify;\">Biblioteca \u015etiin\u0163ific\u0103 (Institut) &#8220;A. Lupan&#8221; este o bibliotec\u0103 \u015ftiin\u0163ific\u0103 cu profil enciclopedic. Func\u0163ia principal\u0103 a Bibliotecii \u015etiin\u0163ifice (Institut) \u201eA. Lupan\u201d este asisten\u0163a informa\u0163ional\u0103 a cercet\u0103rilor \u015ftiin\u0163ifice, satisfacerea cerin\u0163elor de informare documentar\u0103 \u015fi de lectur\u0103 a colaboratorilor institu\u0163iilor din domeniul \u015ftiin\u0163ei \u015fi inov\u0103rii at\u00e2t prin metode tradi\u0163ionale, c\u00e2t \u015fi prin utilizarea tehnologiilor informa\u0163ionale.<\/p>\n<p style=\"text-align: justify;\">Asigurarea unui sistem unic de\u00a0asisten\u0163\u0103 informa\u0163ional\u0103 a\u00a0cercet\u0103rilor \u015ftiin\u0163ifice fundamentale \u015fi aplicative este misiunea primordial\u0103 a\u00a0bibliotecii.\u00a0Biblioteca \u015etiin\u0163ific\u0103 (Institut) &#8220;A. Lupan&#8221;\u00a0\u00a0dispune de\u00a0colec\u0163ii de\u00a0documente tradi\u0163ionale (print) \u015fi pe\u00a0suport electronic, aten\u0163ia fiind axat\u0103\u00a0pe, de\u00a0ex., bazele de\u00a0reviste electronice cu\u00a0acces liber AGORA, OARE, HINARI, sau abonarea revistelor\u00a0on-line\u00a0de\u00a0la\u00a0editurile EBSCO, ELSEVIER\u00a0etc.)<\/p>\n<p style=\"text-align: justify;\"><strong>Serviciul \u00abCompletarea \u015fi Eviden\u0163a Colec\u0163iilor\u00bb asigur\u0103:<\/strong><\/p>\n<p style=\"text-align: justify;\">\u2014\u00a0completarea centralizat\u0103 curent\u0103 \u015fi retrospectiv\u0103 a\u00a0fondurilor\u00a0Bibliotecii \u015etiin\u0163ifice (Institut) &#8220;A. Lupan&#8221;\u00a0\u00a0cu\u00a0toate genurile de\u00a0publica\u0163ii;<\/p>\n<p style=\"text-align: justify;\">\u2014\u00a0organizarea \u015fi realizarea schimbului de\u00a0publica\u0163ii cu\u00a0parteneri din \u0163ar\u0103 \u015fi de\u00a0peste hotare;<\/p>\n<p style=\"text-align: justify;\">\u2014\u00a0constituirea, urilizarea \u015fi gestionarea Fondului de\u00a0Rezerv\u0103 \u015fi Schimb.<\/p>\n<p style=\"text-align: justify;\">Dezvoltarea (completarea) colec\u0163iilor sunt realizate prin diferite surse, cum ar\u00a0fi:<\/p>\n<p style=\"text-align: justify;\">\u00b7 Cump\u0103rare (inclusiv abonare)<\/p>\n<p style=\"text-align: justify;\">\u00b7 Exemplar obligatoriu ob\u0163inut \u00een baza Depozitului legal<\/p>\n<p style=\"text-align: justify;\">\u00b7 Schimb de\u00a0publica\u0163ii (cu \u0163\u0103ri din Vest, Est \u015fi Republic\u0103)<\/p>\n<p style=\"text-align: justify;\">\u00b7 Dona\u0163ii, alte surse.<\/p>\n<p style=\"text-align: justify;\">abonare\u00a0\u2014 cump\u0103rare\u00a0\u2014 Recent am\u00a0abonat publica\u0163ii periodice (print) din Moldova, Romania, Fran\u0163a, Rusia, Urkaina \u015fi\u00a0a. (300\u00a0abonamente).\u00a0S-a efectuat\u00a0abonarea publica\u0163iilor periodice (on- line) din SUA, Marea Britanie \u015fi Olanda (34\u00a0titluri). La\u00a0capitolul \u00abc\u0103r\u0163i\u00bb au\u00a0fost achizi\u0163ionate cca 263\u00a0un. Fondurile bibliotecii au\u00a0fost completate cu\u00a0literatur\u0103 din diferite domenii editate \u00een diferite \u0163\u0103ri.<\/p>\n<p style=\"text-align: justify;\">depozit legal\u00a0\u2014 Aceast\u0103 surs\u0103 de\u00a0completare a\u00a0fondurilor\u00a0Bibliotecii \u015etiin\u0163ifice (Institut) &#8220;A. Lupan&#8221;\u00a0\u00a0de\u0163ine un\u00a0loc important.\u00a0Biblioteca \u015etiin\u0163ific\u0103 (Institut) &#8220;A. Lupan&#8221;\u00a0\u00a0beneficiaz\u0103 de\u00a0exemplarul depozitului legal prin intermediul Camerei Na\u0163ionale a\u00a0C\u0103r\u0163ii, care este responsabil\u0103 de\u00a0colectarea \u015fi repartizarea depozitului legal. Tezele de\u00a0doctor, prezentate de\u00a0doctoranzi, se\u00a0depoziteaz\u0103 \u00een fondurile bibliotecii \u00een colec\u0163ia \u00abTeze\u00bb \u015fi sunt socotite ca\u00a0depozit legal.\u00a0Biblioteca \u015etiin\u0163ific\u0103 (Institut) &#8220;A. Lupan&#8221;\u00a0\u00a0mai beneficiaz\u0103 de\u00a0exemplarul obligator de\u00a0la \u00ceEP \u00ab\u015etiin\u0163a\u00bb.<\/p>\n<p style=\"text-align: justify;\">schimb de\u00a0publica\u0163ii\u00a0\u2014 Pentru\u00a0Biblioteca \u015etiin\u0163ific\u0103 (Institut) &#8220;A. Lupan&#8221;\u00a0\u00a0cea mai valoroas\u0103 surs\u0103 de\u00a0completare a\u00a0colec\u0163iilor a\u00a0fost \u015fi este, schimbul interna\u0163ional de\u00a0publica\u0163ii. Serviciul \u00abComplatarea \u015fi Eviden\u0163a Colec\u0163iilor\u00bb organizeaz\u0103 \u015fi realizeaz\u0103 schimbul de\u00a0publica\u0163ii cu\u00a0partenerii din \u0163ar\u0103 \u015fi de\u00a0peste hotare.<\/p>\n<p style=\"text-align: justify;\">dona\u0163ii\u00a0\u2014 un\u00a0suport considerabil \u00een completarea colec\u0163iilor bibliotecii le\u00a0revine dona\u0163iilor din partea institutelor academice \u015fi a\u00a0persoanelor particulare.<\/p>\n<p style=\"text-align: justify;\">Dona\u0163iile au\u00a0fost \u015fi continu\u0103 s\u0103 r\u0103m\u00e2n\u0103 o\u00a0surs\u0103 important\u0103 de\u00a0completare a\u00a0fondurilor bibliotecii.<\/p>\n<p style=\"text-align: justify;\">Pe\u00a0parcursul anului 2019 au fost recep\u0163ionate 3303\u00a0un.<\/p>\n<p style=\"text-align: justify;\">Cele mai \u00eensemnate dona\u0163ii de\u00a0carte au\u00a0fost prelucrate:<\/p>\n<p style=\"text-align: justify;\">\u2014\u00a0dona\u0163ia UNESCO\u00a0\u2014 164\u00a0un. (160\u00a0c.+4\u00a0br.)<\/p>\n<p style=\"text-align: justify;\">\u2014\u00a0dona\u0163ia F\/P\u00a0\u00abGh. Duca\u00bb\u00a0\u2014 40\u00a0un. (c\u0103r\u0163i)<\/p>\n<p style=\"text-align: justify;\">\u2014\u00a0dona\u0163ia F\/P\u00a0&#8220;A. Andrie\u015f \u00ab\u00a0\u2014 69\u00a0un. (c\u0103r\u0163i)<\/p>\n<p style=\"text-align: justify;\">\u2014\u00a0dona\u0163ia F\/P\u00a0\u00abM. \u015elapac\u00bb\u00a0\u2014 105\u00a0un. (c\u0103r\u0163i)<\/p>\n<p style=\"text-align: justify;\">\u2014\u00a0dona\u0163ia Bibliotecii Academiei Rom\u00e2ne\u00a0\u2014 34\u00a0un. (c\u0103r\u0163i)<\/p>\n<p style=\"text-align: justify;\">\u2014\u00a0dona\u0163ia Bibliotecii Na\u0163ionale\u00a0\u2014 1316\u00a0un. (autoreferate)<\/p>\n<p style=\"text-align: justify;\">\u2014\u00a0dona\u0163iile altor colaboratori \u015fi organiza\u0163ii\u00a0\u2014 1575\u00a0un.(1088c.+395rev.+92br.)<\/p>\n<p style=\"text-align: justify;\">Alte surse\u00a0\u2014 La\u00a0acest compartiment completarea colec\u0163iilor\u00a0Biblioteca \u015etiin\u0163ific\u0103 (Institut) &#8220;A. Lupan&#8221;\u00a0\u00a0se\u00a0efectueaz\u0103 \u00een baza redistribuirii literaturii din Fondul de\u00a0Rezerv\u0103 \u015fi Schimb al\u00a0B\u015eC\u00a0\u00abA. Lupan\u00bb a\u00a0A\u015eM \u015fi \u00een baza publica\u0163iilor primite de\u00a0la\u00a0cititori \u00een locul celor pierdute. \u00cen fondul activ al\u00a0Bibliotecii \u015etiin\u0163ifice (Institut) &#8220;A. Lupan&#8221;\u00a0 au\u00a0fost recep\u0163ionate din FRS cca 280\u00a0un.<\/p>\n<p style=\"text-align: justify;\">Pe\u00a0parcursul anului 2009\u00a0\u00een colec\u0163iile bibliotecii academice au\u00a0fost recep\u0163ionate<\/p>\n<p style=\"text-align: justify;\">cca 12640\u00a0un. (7834\u00a0tit.) (5634c.+5511 rev.+ 66\u00a0teze + 1429\u00a0br)<\/p>\n<p style=\"text-align: justify;\">Eviden\u0163a fondurilor bibliotecii la\u00a001\u00a0ianuarie 2010\u00a0fondurile Bibliotecii \u015etiin\u0163ifice (Institut) &#8220;A. Lupan&#8221;\u00a0constituie<strong>:<\/strong><\/p>\n<p style=\"text-align: justify;\">1410507\u00a0un. (715380\u00a0c.+ 634164\u00a0rev.+10780\u00a0br.+ 50183\u00a0ed. spec.)<\/p>\n<p style=\"text-align: justify;\">Inclusiv:<\/p>\n<p style=\"text-align: justify;\">Fondul activ\u00a0\u2014 1378771\u00a0un. (689270\u00a0c.+ 628538\u00a0rev.+10780\u00a0br.+ 50183\u00a0ed. spec.)<\/p>\n<p style=\"text-align: justify;\">F.R.S.\u00a0\u2014 31736\u00a0un. (26110\u00a0c.+ 5626\u00a0rev.)<\/p>\n<p style=\"text-align: justify;\"><strong>Direc\u0163ia Schimb de\u00a0publica\u0163ii<\/strong>\u00a0Biblioteca intre\u0163ine rela\u0163ii de\u00a0colaborare cu\u00a0255\u00a0parteneri din 50\u00a0\u0163\u0103ri a\u00a0lumii. Biblioteca colaboreaz\u0103 cu\u00a0bibliotecile academice, universitare \u015fi\u00a0dif. societ\u0103\u0163i \u015ftiin\u0163ifice. (a\u015fa ca\u00a0Bibl. Congresului din Washington,Bibl. Na\u0163ional\u0103 din Paris,Biblioteca Na\u0163ional\u0103 din Bucure\u015fti, bibliotecile academice din Romania, Rusia, Ukraina \u015fi \u0162\u0103rile Baltice etc.<\/p>\n","protected":false},"excerpt":{"rendered":"<p>Biblioteca \u015etiin\u0163ific\u0103 (Institut) &#8220;A. Lupan&#8221; este o bibliotec\u0103 \u015ftiin\u0163ific\u0103 cu profil enciclopedic. Func\u0163ia principal\u0103 a Bibliotecii \u015etiin\u0163ifice (Institut) \u201eA. Lupan\u201d este asisten\u0163a informa\u0163ional\u0103 a cercet\u0103rilor \u015ftiin\u0163ifice, satisfacerea cerin\u0163elor de informare documentar\u0103 \u015fi de lectur\u0103 a colaboratorilor institu\u0163iilor din domeniul \u015ftiin\u0163ei \u015fi inov\u0103rii at\u00e2t prin metode tradi\u0163ionale, c\u00e2t \u015fi prin utilizarea tehnologiilor informa\u0163ionale. Asigurarea unui sistem [&hellip;]<\/p>\n","protected":false},"author":1,"featured_media":0,"parent":0,"menu_order":0,"comment_status":"closed","ping_status":"closed","template":"","meta":{"footnotes":""},"class_list":["post-15","page","type-page","status-publish","hentry"],"_links":{"self":[{"href":"https:\/\/idcbs.usm.md\/index.php?rest_route=\/wp\/v2\/pages\/15","targetHints":{"allow":["GET"]}}],"collection":[{"href":"https:\/\/idcbs.usm.md\/index.php?rest_route=\/wp\/v2\/pages"}],"about":[{"href":"https:\/\/idcbs.usm.md\/index.php?rest_route=\/wp\/v2\/types\/page"}],"author":[{"embeddable":true,"href":"https:\/\/idcbs.usm.md\/index.php?rest_route=\/wp\/v2\/users\/1"}],"replies":[{"embeddable":true,"href":"https:\/\/idcbs.usm.md\/index.php?rest_route=%2Fwp%2Fv2%2Fcomments&post=15"}],"version-history":[{"count":1,"href":"https:\/\/idcbs.usm.md\/index.php?rest_route=\/wp\/v2\/pages\/15\/revisions"}],"predecessor-version":[{"id":16,"href":"https:\/\/idcbs.usm.md\/index.php?rest_route=\/wp\/v2\/pages\/15\/revisions\/16"}],"wp:attachment":[{"href":"https:\/\/idcbs.usm.md\/index.php?rest_route=%2Fwp%2Fv2%2Fmedia&parent=15"}],"curies":[{"name":"wp","href":"https:\/\/api.w.org\/{rel}","templated":true}]}}